{"id":169,"date":"2025-09-24T03:43:20","date_gmt":"2025-09-24T03:43:20","guid":{"rendered":"http:\/\/localhost\/supelamthao\/?post_type=product&#038;p=169"},"modified":"2025-12-29T01:58:17","modified_gmt":"2025-12-29T01:58:17","slug":"supe-lan-vi-sinh-lam-thao","status":"publish","type":"product","link":"https:\/\/supelamthao.vn\/?product=supe-lan-vi-sinh-lam-thao","title":{"rendered":"Supe L\u00e2n Vi Sinh L\u00e2m Thao"},"content":{"rendered":"<h1><strong>Supe l\u00e2n vi sinh L\u00e2m Thao l\u00e0 s\u1ef1 k\u1ebft h\u1ee3p c\u1ee7a ph\u00e2n b\u00f3n v\u00f4 c\u01a1 v\u1edbi c\u00e1c ch\u1ee7ng vi sinh v\u1eadt h\u1eefu \u00edch, t\u1ea1o n\u00ean gi\u1ea3i ph\u00e1p dinh d\u01b0\u1ee1ng ho\u00e0n h\u1ea3o cho c\u00e2y tr\u1ed3ng.<\/strong><\/h1>\n<h2><\/h2>\n<h2><strong>Th\u00e0nh ph\u1ea7n l\u00e2n (P<sub>2<\/sub>O<sub>5<\/sub>\u00a0h\u1eefu hi\u1ec7u) c\u1ee7a s\u1ea3n ph\u1ea9m \u1edf hai d\u1ea1ng: L\u00e2n tan nhanh v\u00e0 L\u00e2n tan ch\u1eadm.<\/strong><\/h2>\n<div>L\u00e2n tan nhanh c\u00f3 th\u1ec3 tan trong n\u01b0\u1edbc\u00a0\u0111\u01b0\u1ee3c\u00a0c\u00e2y tr\u1ed3ng h\u1ea5p th\u1ee5 trong th\u1eddi k\u1ef3 \u0111\u1ea7u; L\u00e2n tan ch\u1eadm ch\u1ec9 tan trong d\u1ecbch r\u1ec5 c\u00e2y cung c\u1ea5p dinh d\u01b0\u1ee1ng\u00a0t\u1eeb t\u1eeb\u00a0v\u00e0 c\u1ea3i t\u1ea1o \u0111\u1ea5t,\u00a0\u0111\u1ea3m b\u1ea3o ngu\u1ed3n dinh d\u01b0\u1ee1ng\u00a0c\u00e2n b\u1eb1ng trong su\u1ed1t qu\u00e1 tr\u00ecnh sinh tr\u01b0\u1edfng\u00a0c\u1ee7a c\u00e2y tr\u1ed3ng.<\/div>\n<div><strong>Trong Supe l\u00e2n vi sinh L\u00e2m Thao c\u00f2n c\u00f3 ch\u1ee9a c\u00e1c nguy\u00ean t\u1ed1 nguy\u00ean t\u1ed1 trung l\u01b0\u1ee3ng, vi l\u01b0\u1ee3ng kh\u00e1c nh\u01b0 Ca, Mg, S, Si, Zn, Mn\u2026<\/strong>\u00a0C\u00e1c th\u00e0nh ph\u1ea7n n\u00e0y c\u00f3 kh\u1ea3 n\u0103ng c\u1ea3i t\u1ea1o \u0111\u1ea5t, gi\u00fap cho c\u00e2y tr\u1ed3ng d\u1ec5 d\u00e0ng h\u1ea5p th\u1ee5 dinh d\u01b0\u1ee1ng \u0111\u1ec3 nu\u00f4i c\u00e2y, t\u0103ng c\u01b0\u1eddng ch\u1ecbu h\u1ea1n, ch\u1ecbu r\u00e9t, ch\u1ecbu s\u00e2u b\u1ec7nh. C\u00e1c dinh d\u01b0\u1ee1ng trung vi l\u01b0\u1ee3ng tr\u00ean c\u00f2n c\u00f3 t\u00e1c d\u1ee5ng k\u00edch th\u00edch s\u1ef1 ra hoa, k\u1ebft tr\u00e1i, t\u0103ng n\u0103ng su\u1ea5t c\u00e2y tr\u1ed3ng v\u00e0 ch\u1ea5t l\u01b0\u1ee3ng n\u00f4ng s\u1ea3n.<\/div>\n<div><strong>\u0110\u1eb7c bi\u1ec7t, trong Supe l\u00e2n vi sinh L\u00e2m Thao c\u00f3 c\u00e1c ch\u1ee7ng vi sinh v\u1eadt Bacillus.<\/strong>\u00a0Ch\u1ee7ng vi sinh v\u1eadt Bacillus c\u00f3 kh\u1ea3 n\u0103ng \u0111\u1ed1i kh\u00e1ng v\u1edbi c\u00e1c lo\u1ea1i vi n\u1ea5m g\u00e2y b\u1ec7nh cho c\u00e2y tr\u1ed3ng, \u0111\u1ed3ng th\u1eddi tham gia v\u00e0o qu\u00e1 tr\u00ecnh chuy\u1ec3n h\u00f3a ch\u1ea5t h\u1eefu c\u01a1 kh\u00f3 ph\u00e2n h\u1ee7y th\u00e0nh ch\u1ea5t h\u1eefu c\u01a1 \u0111\u01a1n gi\u1ea3n, gi\u00fap cho c\u00e2y tr\u1ed3ng d\u1ec5 h\u1ea5p th\u1ee5 h\u01a1n. Kh\u1ed1ng ch\u1ebf v\u00e0 ti\u00eau di\u1ec7t m\u1ed9t s\u1ed1 lo\u1ea1i vi sinh v\u1eadt g\u00e2y h\u1ea1i cho c\u00e2y tr\u1ed3ng, \u0111\u1ed3ng th\u1eddi n\u00e2ng cao s\u1ee9c \u0111\u1ec1 kh\u00e1ng c\u1ee7a c\u00e2y tr\u1ed3ng tr\u01b0\u1edbc c\u00e1c lo\u1ea1i s\u00e2u b\u1ec7nh; t\u0103ng s\u1ee9c ch\u1ed1ng ch\u1ecbu cho c\u00e2y tr\u1ed3ng trong \u0111i\u1ec1u ki\u1ec7n ph\u00e8n, m\u1eb7n v\u00e0 ng\u1ed9 \u0111\u1ed9c h\u1eefu c\u01a1.<\/div>\n<div><strong>Vi sinh v\u1eadt Bacillus\u00a0<\/strong>h\u1ed7 tr\u1ee3 c\u1ea3i t\u1ea1o, b\u1ed5 sung, t\u0103ng c\u01b0\u1eddng h\u1ec7 vi sinh v\u1eadt c\u00f3 l\u1ee3i trong \u0111\u1ea5t, gi\u00fap c\u00e1c sinh v\u1eadt v\u00e0 vi sinh v\u1eadt c\u00f3 l\u1ee3i trong \u0111\u1ea5t ph\u00e1t tri\u1ec3n,\u00a0<strong>ph\u00f9 h\u1ee3p c\u1ea3i t\u1ea1o \u0111\u1ea5t b\u1ea1c m\u00e0u, t\u0103ng \u0111\u1ed9 ph\u00ec nhi\u00eau, m\u00e0u m\u1ee1 cho \u0111\u1ea5t.<\/strong><\/div>\n<div><strong>Lo\u1ea1i ph\u00e2n n\u00e0y c\u00f2n c\u00f3 t\u00e1c d\u1ee5ng \u0111\u1eb7c bi\u1ec7t v\u1edbi c\u00e2y tr\u1ed3ng trong vi\u1ec7c ph\u00e1t tri\u1ec3n b\u1ed9 r\u1ec5.<\/strong>\u00a0\u0110\u00e2y c\u0169ng l\u00e0 y\u1ebfu t\u1ed1 \u0111\u1ec3 c\u00e2y tr\u1ed3ng ph\u00e1t tri\u1ec3n nhanh, kh\u1ecfe, \u0111\u1ea1t n\u0103ng su\u1ea5t c\u00e2y tr\u1ed3ng v\u00e0\u00a0ch\u1ea5t l\u01b0\u1ee3ng\u00a0n\u00f4ng s\u1ea3n cao\u00a0h\u01a1n.<\/div>\n<div><strong>Gi\u00fap n\u00f4ng d\u00e2n ti\u1ebft ki\u1ec7m chi ph\u00ed ph\u00e2n b\u00f3n.<\/strong>\u00a0Nh\u1edd t\u00e1c d\u1ee5ng c\u1ee7a c\u00e1c ch\u1ee7ng vi sinh v\u1eadt trong vi\u1ec7c chuy\u1ec3n h\u00f3a c\u00e1c ch\u1ea5t dinh d\u01b0\u1ee1ng trong \u0111\u1ea5t, gi\u00fap c\u00e2y tr\u1ed3ng t\u0103ng kh\u1ea3 n\u0103ng h\u1ea5p th\u1ee5 dinh d\u01b0\u1ee1ng, t\u0103ng t\u1ed1i \u0111a hi\u1ec7u su\u1ea5t s\u1eed d\u1ee5ng ph\u00e2n b\u00f3n, do \u0111\u00f3 l\u00e0m gi\u1ea3m l\u01b0\u1ee3ng ph\u00e2n b\u00f3n c\u1ea7n s\u1eed d\u1ee5ng t\u1eeb 10 &#8211; 20%.<\/div>\n<div><img decoding=\"async\" src=\"https:\/\/supelamthao.vn\/userfiles\/images\/icon\/Anh-1.jpg\" alt=\"\" \/><\/div>\n<div>\u00a0<strong>Ph\u1ea1m vi s\u1ea3n ph\u1ea9m c\u1ee7a ch\u00fang t\u00f4i:<\/strong><\/div>\n<div><\/div>\n<div><img decoding=\"async\" class=\"alignnone\" src=\"https:\/\/supelamthao.vn\/userfiles\/images\/icon\/Khuyen-khich-hoat-dong-re.png\" alt=\"\" width=\"194\" height=\"104\" \/>\u00a0 \u00a0 \u00a0 \u00a0 \u00a0 \u00a0 \u00a0 \u00a0 \u00a0 \u00a0\u00a0<strong>Supe\u00a0L\u00e2n\u00a0vi sinh\u00a0\u00a0<\/strong>\u00a0 \u00a0 \u00a0 \u00a0 \u00a0 \u00a0 \u00a0 \u00a0 \u00a0 \u00a0 \u00a0 \u00a0 \u00a0 \u00a0\u00a0Khuy\u1ebfn kh\u00edch ho\u1ea1t \u0111\u1ed9ng c\u1ee7a r\u1ec5<\/div>\n<div><img decoding=\"async\" class=\"\" src=\"https:\/\/supelamthao.vn\/userfiles\/images\/icon\/Cai-thien-hap-thu.png\" alt=\"\" width=\"194\" height=\"104\" \/>\u00a0 \u00a0 \u00a0 \u00a0 \u00a0 \u00a0 \u00a0 \u00a0 \u00a0 \u00a0\u00a0<strong>Supe<\/strong>\u00a0<strong>L\u00e2n vi sinh\u00a0d\u1ea1ng b\u1ed9t\u00a0 \u00a0 \u00a0 \u00a0 \u00a0 \u00a0 \u00a0<\/strong>Ti\u1ebft ki\u1ec7m n\u0103ng l\u01b0\u1ee3ng trao \u0111\u1ed5i ch\u1ea5t, \u0111\u1ed3ng h\u00f3a si\u00eau nhanh<\/div>\n<div><img decoding=\"async\" class=\"\" src=\"https:\/\/supelamthao.vn\/userfiles\/images\/icon\/Thuc-day-tang-truong.png\" alt=\"\" width=\"194\" height=\"104\" \/>\u00a0 \u00a0 \u00a0 \u00a0 \u00a0 \u00a0 \u00a0 \u00a0 \u00a0 \u00a0\u00a0<strong>Supe\u00a0L\u00e2n vi sinh\u00a0d\u1ea1ng h\u1ea1t\u00a0 \u00a0 \u00a0 \u00a0 \u00a0 \u00a0 \u00a0<\/strong>T\u0103ng c\u01b0\u1eddng s\u1ee9c m\u1ea1nh cho c\u00e2y trong su\u1ed1t th\u1eddi k\u1ef3 sinh tr\u01b0\u1edfng<\/div>\n<div><\/div>\n<div><strong>\u0110\u1ecdc th\u00eam v\u1ec1:\u00a0<\/strong>\u00a0<a href=\"http:\/\/supelamthao.vn\/tin-tuc\/61-trong-cam-o-hoa-binh\"><strong>Supe L\u00e2n vi sinh\u00a0&#8211; ph\u1ea7n ho\u00e0n thi\u1ec7n ph\u01b0\u01a1ng ph\u00e1p ti\u1ebfp c\u1eadn c\u1ee7a Supe L\u00e2m Thao<\/strong><\/a><\/div>\n<div><a href=\"http:\/\/supelamthao.vn\/san-pham\/500-supe-lan-vi-sinh-lam-thao\"><strong>H\u01b0\u1edbng d\u1eabn S\u1ea3n ph\u1ea9m\u00a0<\/strong><strong><u>SUPE L\u00c2N VI SINH:<\/u><\/strong><\/a><\/div>\n<div><strong>Danh m\u1ee5c h\u00e0m l\u01b0\u1ee3ng dinh d\u01b0\u1ee1ng:<\/strong><\/div>\n<table border=\"1\" cellspacing=\"1\" cellpadding=\"5\">\n<tbody>\n<tr>\n<td>\n<div>L\u00e2n h\u1eefu hi\u1ec7u<\/div>\n<div>P<sub>2<\/sub>O<sub>5hh<\/sub><\/div>\n<\/td>\n<td>\n<div>L\u00e2n tan trong n\u01b0\u1edbc<\/div>\n<div>P<sub>2<\/sub>O<sub>5ht<\/sub><\/div>\n<\/td>\n<td>\n<div>L\u01b0u hu\u1ef3nh (S)<\/div>\n<\/td>\n<td>\n<div>Axit t\u1ef1 do<\/div>\n<div>(% kh\u1ed1i l\u01b0\u1ee3ng quy v\u1ec1 P<sub>2<\/sub>O<sub>5td<\/sub>)<\/div>\n<\/td>\n<td>\n<div><\/div>\n<div>Basillus spp<\/div>\n<\/td>\n<td>\n<div>Cadimi (Cd)<\/div>\n<\/td>\n<td>\n<div>L\u01b0u hu\u1ef3nh (S)<\/div>\n<\/td>\n<td>\n<div>\u0110\u1ed9 \u1ea9m (H<sub>2<\/sub>O)<\/div>\n<\/td>\n<\/tr>\n<tr>\n<td>\n<div>16%<\/div>\n<\/td>\n<td>\n<div>10%<\/div>\n<\/td>\n<td>\n<div>\u00a010%<\/div>\n<\/td>\n<td>\n<div>4%<\/div>\n<\/td>\n<td>\n<div><strong>4,8*10<sup>5<\/sup>\u00a0CFU\/g\u00a0<\/strong><\/div>\n<\/td>\n<td>\n<div>\u00a012 mg\/kg<\/div>\n<\/td>\n<td>\n<div>\u00a010%<\/div>\n<\/td>\n<td>\n<div><strong>12<\/strong><\/div>\n<\/td>\n<\/tr>\n<\/tbody>\n<\/table>\n<div><img decoding=\"async\" src=\"https:\/\/supelamthao.vn\/userfiles\/images\/San%20pham\/Supe%20l%C3%A2n\/4a_%20SUPE%20L%C3%82N%20VI%20SINH%20L%C3%82M%20THAO%20D%E1%BA%A0NG%20B%E1%BB%98T.png\" alt=\"\" \/><img decoding=\"async\" src=\"https:\/\/supelamthao.vn\/userfiles\/images\/San%20pham\/Supe%20l%C3%A2n\/4b_%20SUPE%20L%C3%82N%20VI%20SINH%20L%C3%82M%20THAO%20D%E1%BA%A0NG%20B%E1%BB%98T.png\" alt=\"\" \/><img decoding=\"async\" src=\"https:\/\/supelamthao.vn\/userfiles\/images\/San%20pham\/Supe%20l%C3%A2n\/5a_%20SUPE%20L%C3%82N%20VI%20SINH%20L%C3%82M%20THAO%20D%E1%BA%A0NG%20H%E1%BA%A0T.png\" alt=\"\" \/><img decoding=\"async\" src=\"https:\/\/supelamthao.vn\/userfiles\/images\/San%20pham\/Supe%20l%C3%A2n\/5b_%20SUPE%20L%C3%82N%20VI%20SINH%20L%C3%82M%20THAO%20D%E1%BA%A0NG%20H%E1%BA%A0T.png\" alt=\"\" \/><\/div>\n<div><\/div>\n<div><strong>Xem bu\u1ed5i ra m\u1eaft tr\u1ef1c tuy\u1ebfn<\/strong><strong>\u00a0<\/strong><strong>Supe l\u00e2n vi sinh\u00a0<\/strong><strong>c\u1ee7a ch\u00fang t\u00f4i:<\/strong><\/div>\n<div>\u00a0\u00a0Supe L\u00e2n vi sinh\u00a0th\u1ebf h\u1ec7 m\u1edbi- m\u1ea3nh gh\u00e9p ho\u00e0n thi\u1ec7n cho t\u0103ng tr\u01b0\u1edfng\u00a0c\u00e2y tr\u1ed3ng<\/div>\n","protected":false},"excerpt":{"rendered":"<p>Supe l\u00e2n vi sinh L\u00e2m Thao l\u00e0 s\u1ef1 k\u1ebft h\u1ee3p c\u1ee7a ph\u00e2n b\u00f3n v\u00f4 c\u01a1 v\u1edbi c\u00e1c ch\u1ee7ng vi sinh v\u1eadt h\u1eefu [&hellip;]<\/p>\n","protected":false},"featured_media":171,"template":"","meta":[],"product_brand":[],"product_cat":[60],"product_tag":[],"class_list":{"0":"post-169","1":"product","2":"type-product","3":"status-publish","4":"has-post-thumbnail","6":"product_cat-phan-superphosphat-don","8":"first","9":"instock","10":"shipping-taxable","11":"product-type-simple"},"_links":{"self":[{"href":"https:\/\/supelamthao.vn\/index.php?rest_route=\/wp\/v2\/product\/169","targetHints":{"allow":["GET"]}}],"collection":[{"href":"https:\/\/supelamthao.vn\/index.php?rest_route=\/wp\/v2\/product"}],"about":[{"href":"https:\/\/supelamthao.vn\/index.php?rest_route=\/wp\/v2\/types\/product"}],"wp:featuredmedia":[{"embeddable":true,"href":"https:\/\/supelamthao.vn\/index.php?rest_route=\/wp\/v2\/media\/171"}],"wp:attachment":[{"href":"https:\/\/supelamthao.vn\/index.php?rest_route=%2Fwp%2Fv2%2Fmedia&parent=169"}],"wp:term":[{"taxonomy":"product_brand","embeddable":true,"href":"https:\/\/supelamthao.vn\/index.php?rest_route=%2Fwp%2Fv2%2Fproduct_brand&post=169"},{"taxonomy":"product_cat","embeddable":true,"href":"https:\/\/supelamthao.vn\/index.php?rest_route=%2Fwp%2Fv2%2Fproduct_cat&post=169"},{"taxonomy":"product_tag","embeddable":true,"href":"https:\/\/supelamthao.vn\/index.php?rest_route=%2Fwp%2Fv2%2Fproduct_tag&post=169"}],"curies":[{"name":"wp","href":"https:\/\/api.w.org\/{rel}","templated":true}]}}