{"id":1360,"date":"2025-10-31T02:08:25","date_gmt":"2025-10-31T02:08:25","guid":{"rendered":"https:\/\/embedai.cloud\/?post_type=product&#038;p=1360"},"modified":"2026-01-11T05:14:31","modified_gmt":"2026-01-11T05:14:31","slug":"phan-bon-npk-sm1-lam-thao-10-5-59s","status":"publish","type":"product","link":"https:\/\/supelamthao.vn\/?product=phan-bon-npk-sm1-lam-thao-10-5-59s","title":{"rendered":"Ph\u00e2n b\u00f3n NPK-S*M1 L\u00e2m Thao 10-5-5+9S"},"content":{"rendered":"<div>\n<div>\n<div>\n<h4>S\u1eed d\u1ee5ng b\u00f3n th\u00fac cho c\u00e1c lo\u1ea1i c\u00e2y tr\u1ed3ng<\/h4>\n<h4>1.\u00a0B\u00f3n th\u00fac \u0111\u1ebb nh\u00e1nh cho l\u00faa: 7- 9 kg\/s\u00e0o B\u1eafc b\u1ed9 360 m<sup>2<\/sup><\/h4>\n<h4>2. B\u00f3n cho ng\u00f4 khi c\u00e2y c\u00f3 5-7 l\u00e1: 9- 10 kg\/s\u00e0o B\u1eafc b\u1ed9 360\u00a0m<sup>2<\/sup><\/h4>\n<h4>3. B\u00f3n cho ch\u00e8: 25-30 kg\/s\u00e0o B\u1eafc b\u1ed9 360 m<sup>2<\/sup>\/l\u1ea7n, 1 n\u0103m b\u00f3n 3 l\u1ea7n.<\/h4>\n<h4>4. B\u00f3n cho d\u1ee9a: 40- 50 kg\/s\u00e0o B\u1eafc b\u1ed9 360\u00a0m<sup>2<\/sup><\/h4>\n<h4>5. B\u00f3n cho rau m\u00e0u: 15-20 kg\/s\u00e0o B\u1eafc b\u1ed9 360\u00a0m<sup>2<\/sup><\/h4>\n<h4>6. B\u00f3n cho c\u00e2y l\u00e2m nghi\u1ec7p:<\/h4>\n<h4>&#8211; N\u0103m th\u1ee9 1 b\u00f3n 0,1- 0,2 kg\/c\u00e2y,<\/h4>\n<h4>&#8211; N\u0103m th\u1ee9 2 b\u00f3n 0,2- 0,25 kg\/c\u00e2y.<\/h4>\n<h4>7.\u00a0B\u00f3n cho c\u00e2y cao su:<\/h4>\n<h4>&#8211; C\u00e2y 1- 5 tu\u1ed5i: 500- 600 kg\/ha\/l\u1ea7n.<\/h4>\n<h4>&#8211; C\u00e2y 6- 10 tu\u1ed5i: 700- 900 kg\/ha\/l\u1ea7n.<\/h4>\n<h4>&#8211; C\u00e2y 11- 25 tu\u1ed5i: 1.000- 1.200 kg\/ha\/l\u1ea7n.<\/h4>\n<h4>1 n\u0103m b\u00f3n 2 l\u1ea7n: \u0110\u1ea7u m\u00f9a m\u01b0a v\u00e0 cu\u1ed1i m\u00f9a m\u01b0a<\/h4>\n<\/div>\n<\/div>\n<\/div>\n<h4>Bao b\u00ec<\/h4>\n<h4><img decoding=\"async\" src=\"https:\/\/supelamthao.vn\/userfiles\/images\/C%C3%A2y%20tr%E1%BB%93ng\/Bieu%20do\/logo-mui%20ten.png\" alt=\"\" \/>\u00a0\u00a0\u0110\u00f3ng g\u00f3i 50kg v\u00e0 25kg.<\/h4>\n<h4><img decoding=\"async\" src=\"https:\/\/supelamthao.vn\/userfiles\/images\/C%C3%A2y%20tr%E1%BB%93ng\/Bieu%20do\/logo-mui%20ten.png\" alt=\"\" \/>\u00a0\u00a0Bao b\u00ec\u00a0PP l\u00f3t PE;<\/h4>\n<h4>S\u1ea3n ph\u1ea9m<\/h4>\n<h4><img decoding=\"async\" src=\"https:\/\/supelamthao.vn\/userfiles\/images\/C%C3%A2y%20tr%E1%BB%93ng\/Bieu%20do\/logo-mui%20ten.png\" alt=\"\" \/>\u00a0M\u00e3 s\u1ea3n ph\u1ea9m: 03434<\/h4>\n<h4><img decoding=\"async\" src=\"https:\/\/supelamthao.vn\/userfiles\/images\/C%C3%A2y%20tr%E1%BB%93ng\/Bieu%20do\/logo-mui%20ten.png\" alt=\"\" \/>\u00a0Ph\u01b0\u01a1ng th\u1ee9c s\u1eed d\u1ee5ng: B\u00f3n r\u1ec5 (h)<\/h4>\n<h4><img decoding=\"async\" src=\"https:\/\/supelamthao.vn\/userfiles\/images\/C%C3%A2y%20tr%E1%BB%93ng\/Bieu%20do\/logo-mui%20ten.png\" alt=\"\" \/>\u00a0Th\u1eddi h\u1ea1n s\u1eed d\u1ee5ng: 36 th\u00e1ng k\u1ec3 t\u1eeb ng\u00e0y s\u1ea3n xu\u1ea5t<\/h4>\n","protected":false},"excerpt":{"rendered":"<table border=\"1\" cellspacing=\"0\" cellpadding=\"4\">\n<tbody>\n<tr>\n<td style=\"text-align: center;\">\n<h6>Th\u00e0nh ph\u1ea7n, h\u00e0m l\u01b0\u1ee3ng dinh d\u01b0\u1ee1ng<\/h6>\n<\/td>\n<td style=\"text-align: center;\">\n<h6>\u0110\u01a1n v\u1ecb<\/h6>\n<\/td>\n<td>\n<h6 style=\"text-align: center;\">\u0110\u1eb7c tr\u01b0ng<\/h6>\n<\/td>\n<\/tr>\n<tr>\n<td>\n<h6>\u0110\u1ea1m t\u1ed5ng s\u1ed1 (N<sub>ts<\/sub>)<\/h6>\n<\/td>\n<td>\n<h6>%<\/h6>\n<\/td>\n<td>\n<h6>10%<\/h6>\n<\/td>\n<\/tr>\n<tr>\n<td>\n<h6>L\u00e2n h\u1eefu hi\u1ec7u (P<sub>2<\/sub>O<sub>5hh<\/sub>)<\/h6>\n<\/td>\n<td>\n<h6>%<\/h6>\n<\/td>\n<td>\n<h6>5%<\/h6>\n<\/td>\n<\/tr>\n<tr>\n<td>\n<h6>Kali h\u1eefu hi\u1ec7u (K<sub>2<\/sub>O<sub>hh<\/sub>)<\/h6>\n<\/td>\n<td>\n<h6>%<\/h6>\n<\/td>\n<td>\n<h6>5%<\/h6>\n<\/td>\n<\/tr>\n<tr>\n<td>\n<h6>L\u01b0u hu\u1ef3nh (S)<\/h6>\n<\/td>\n<td>\n<h6>%<\/h6>\n<\/td>\n<td>\n<h6>9%<\/h6>\n<\/td>\n<\/tr>\n<tr>\n<td>\n<h6>\u0110\u1ed9 \u1ea9m<\/h6>\n<\/td>\n<td>\n<h6>%<\/h6>\n<\/td>\n<td>\n<h6>5%<\/h6>\n<\/td>\n<\/tr>\n<\/tbody>\n<\/table>\n","protected":false},"featured_media":5796,"template":"","meta":[],"product_brand":[],"product_cat":[61],"product_tag":[],"class_list":{"0":"post-1360","1":"product","2":"type-product","3":"status-publish","4":"has-post-thumbnail","6":"product_cat-phan-npk-bo-sung-trung-luong","8":"first","9":"instock","10":"shipping-taxable","11":"product-type-simple"},"_links":{"self":[{"href":"https:\/\/supelamthao.vn\/index.php?rest_route=\/wp\/v2\/product\/1360","targetHints":{"allow":["GET"]}}],"collection":[{"href":"https:\/\/supelamthao.vn\/index.php?rest_route=\/wp\/v2\/product"}],"about":[{"href":"https:\/\/supelamthao.vn\/index.php?rest_route=\/wp\/v2\/types\/product"}],"wp:featuredmedia":[{"embeddable":true,"href":"https:\/\/supelamthao.vn\/index.php?rest_route=\/wp\/v2\/media\/5796"}],"wp:attachment":[{"href":"https:\/\/supelamthao.vn\/index.php?rest_route=%2Fwp%2Fv2%2Fmedia&parent=1360"}],"wp:term":[{"taxonomy":"product_brand","embeddable":true,"href":"https:\/\/supelamthao.vn\/index.php?rest_route=%2Fwp%2Fv2%2Fproduct_brand&post=1360"},{"taxonomy":"product_cat","embeddable":true,"href":"https:\/\/supelamthao.vn\/index.php?rest_route=%2Fwp%2Fv2%2Fproduct_cat&post=1360"},{"taxonomy":"product_tag","embeddable":true,"href":"https:\/\/supelamthao.vn\/index.php?rest_route=%2Fwp%2Fv2%2Fproduct_tag&post=1360"}],"curies":[{"name":"wp","href":"https:\/\/api.w.org\/{rel}","templated":true}]}}