{"id":1349,"date":"2025-10-31T01:56:22","date_gmt":"2025-10-31T01:56:22","guid":{"rendered":"https:\/\/embedai.cloud\/?post_type=product&#038;p=1349"},"modified":"2025-10-31T01:57:39","modified_gmt":"2025-10-31T01:57:39","slug":"1349","status":"publish","type":"product","link":"https:\/\/supelamthao.vn\/?product=1349","title":{"rendered":"Ph\u00e2n b\u00f3n HCK L\u00e2m Thao 2-4-2+2S+TE"},"content":{"rendered":"<div>\n<div>\n<div>\n<div>\n<div>\n<div>\n<div>S\u1eed d\u1ee5ng b\u00f3n l\u00f3t cho c\u00e1c lo\u1ea1i c\u00e2y tr\u1ed3ng<\/div>\n<div>1. L\u00faa: 29 kg\/s\u00e0o B\u1eafc b\u1ed9 360 m2<\/div>\n<div>2. B\u1eafp c\u1ea3i: 54 kg\/s\u00e0o B\u1eafc b\u1ed9 360 m2<\/div>\n<div>3. Ng\u00f4: 29 kg\/s\u00e0o B\u1eafc b\u1ed9 360 m2<\/div>\n<div>4. Cam: 108 kg\/s\u00e0o B\u1eafc b\u1ed9 360 m2<\/div>\n<div>5. Ch\u00e8: 108 kg\/s\u00e0o B\u1eafc b\u1ed9 360 m2<\/div>\n<div>6. Hoa: 54 kg\/s\u00e0o B\u1eafc b\u1ed9 360 m2<\/div>\n<\/div>\n<\/div>\n<\/div>\n<\/div>\n<\/div>\n<\/div>\n<h2>Bao b\u00ec<\/h2>\n<div><img decoding=\"async\" src=\"https:\/\/supelamthao.vn\/userfiles\/images\/C%C3%A2y%20tr%E1%BB%93ng\/Bieu%20do\/logo-mui%20ten.png\" alt=\"\" \/>\u00a0\u00a0\u0110\u00f3ng g\u00f3i 50 kg v\u00e0 25 kg.<\/div>\n<div><img decoding=\"async\" src=\"https:\/\/supelamthao.vn\/userfiles\/images\/C%C3%A2y%20tr%E1%BB%93ng\/Bieu%20do\/logo-mui%20ten.png\" alt=\"\" \/>\u00a0\u00a0Bao b\u00ec\u00a0PP l\u00f3t PE;<\/div>\n<h2>S\u1ea3n ph\u1ea9m<\/h2>\n<div><img decoding=\"async\" src=\"https:\/\/supelamthao.vn\/userfiles\/images\/C%C3%A2y%20tr%E1%BB%93ng\/Bieu%20do\/logo-mui%20ten.png\" alt=\"\" \/>\u00a0M\u00e3 s\u1ea3n ph\u1ea9m: 03500<\/div>\n<div><img decoding=\"async\" src=\"https:\/\/supelamthao.vn\/userfiles\/images\/C%C3%A2y%20tr%E1%BB%93ng\/Bieu%20do\/logo-mui%20ten.png\" alt=\"\" \/>\u00a0Ph\u01b0\u01a1ng th\u1ee9c s\u1eed d\u1ee5ng: B\u00f3n r\u1ec5 (h)<\/div>\n<div><img decoding=\"async\" src=\"https:\/\/supelamthao.vn\/userfiles\/images\/C%C3%A2y%20tr%E1%BB%93ng\/Bieu%20do\/logo-mui%20ten.png\" alt=\"\" \/>\u00a0Th\u1eddi h\u1ea1n s\u1eed d\u1ee5ng: 36 th\u00e1ng k\u1ec3 t\u1eeb ng\u00e0y s\u1ea3n xu\u1ea5t<\/div>\n","protected":false},"excerpt":{"rendered":"<table border=\"1\" cellspacing=\"0\" cellpadding=\"4\">\n<tbody>\n<tr>\n<td>Th\u00e0nh ph\u1ea7n, h\u00e0m l\u01b0\u1ee3ng dinh d\u01b0\u1ee1ng<\/td>\n<td>\u00a0 \u00a0 \u00a0 \u0110\u01a1n v\u1ecb<\/td>\n<td>\u0110\u1eb7c tr\u01b0ng<\/td>\n<\/tr>\n<tr>\n<td>H\u00e0m l\u01b0\u1ee3ng h\u1eefu c\u01a1<\/td>\n<td>%<\/td>\n<td>15%<\/td>\n<\/tr>\n<tr>\n<td>\n<div>\n<p>\u0110\u1ea1m t\u1ed5ng s\u1ed1 (N<sub>ts<\/sub>)<\/p>\n<\/div>\n<\/td>\n<td>%<\/td>\n<td>2%<\/td>\n<\/tr>\n<tr>\n<td>\n<div>\n<p>L\u00e2n h\u1eefu hi\u1ec7u (P<sub>2<\/sub>O<sub>5hh<\/sub>)<\/p>\n<\/div>\n<\/td>\n<td>%<\/td>\n<td>4%<\/td>\n<\/tr>\n<tr>\n<td>Kali h\u1eefu hi\u1ec7u (K<sub>2<\/sub>O<sub>hh<\/sub>)<\/td>\n<td>%<\/td>\n<td>2%<\/td>\n<\/tr>\n<tr>\n<td>\n<div>\n<p>L\u01b0u hu\u1ef3nh (S)<\/p>\n<\/div>\n<\/td>\n<td>%<\/td>\n<td>2%<\/td>\n<\/tr>\n<tr>\n<td>\n<div>\n<p>TE- Bo (B)<\/p>\n<\/div>\n<\/td>\n<td>ppm<\/td>\n<td>200ppm<\/td>\n<\/tr>\n<tr>\n<td>TE- S\u1eaft (Fe)<\/td>\n<td>ppm<\/td>\n<td>100ppm<\/td>\n<\/tr>\n<tr>\n<td>\u0110\u1ed9 \u1ea9m<\/td>\n<td>%<\/td>\n<td>25%<\/td>\n<\/tr>\n<tr>\n<td>pH<sub>H<\/sub><sub>2<\/sub><sub>O<\/sub><\/td>\n<td><\/td>\n<td>5<\/td>\n<\/tr>\n<\/tbody>\n<\/table>\n","protected":false},"featured_media":1352,"template":"","meta":[],"product_brand":[],"product_cat":[63],"product_tag":[],"class_list":{"0":"post-1349","1":"product","2":"type-product","3":"status-publish","4":"has-post-thumbnail","6":"product_cat-phan-bon-huu-co-khoang-lam-thao","8":"first","9":"instock","10":"shipping-taxable","11":"product-type-simple"},"_links":{"self":[{"href":"https:\/\/supelamthao.vn\/index.php?rest_route=\/wp\/v2\/product\/1349","targetHints":{"allow":["GET"]}}],"collection":[{"href":"https:\/\/supelamthao.vn\/index.php?rest_route=\/wp\/v2\/product"}],"about":[{"href":"https:\/\/supelamthao.vn\/index.php?rest_route=\/wp\/v2\/types\/product"}],"wp:featuredmedia":[{"embeddable":true,"href":"https:\/\/supelamthao.vn\/index.php?rest_route=\/wp\/v2\/media\/1352"}],"wp:attachment":[{"href":"https:\/\/supelamthao.vn\/index.php?rest_route=%2Fwp%2Fv2%2Fmedia&parent=1349"}],"wp:term":[{"taxonomy":"product_brand","embeddable":true,"href":"https:\/\/supelamthao.vn\/index.php?rest_route=%2Fwp%2Fv2%2Fproduct_brand&post=1349"},{"taxonomy":"product_cat","embeddable":true,"href":"https:\/\/supelamthao.vn\/index.php?rest_route=%2Fwp%2Fv2%2Fproduct_cat&post=1349"},{"taxonomy":"product_tag","embeddable":true,"href":"https:\/\/supelamthao.vn\/index.php?rest_route=%2Fwp%2Fv2%2Fproduct_tag&post=1349"}],"curies":[{"name":"wp","href":"https:\/\/api.w.org\/{rel}","templated":true}]}}