{"id":255,"date":"2025-10-03T07:42:04","date_gmt":"2025-10-03T07:42:04","guid":{"rendered":"https:\/\/embedai.cloud\/?page_id=255"},"modified":"2025-10-03T08:06:48","modified_gmt":"2025-10-03T08:06:48","slug":"elementor-trang-255","status":"publish","type":"page","link":"https:\/\/supelamthao.vn\/?page_id=255","title":{"rendered":"Th\u00e0nh t\u00edch \u0111\u1ea1t \u0111\u01b0\u1ee3c"},"content":{"rendered":"\t\t<div data-elementor-type=\"wp-page\" data-elementor-id=\"255\" class=\"elementor elementor-255\" data-elementor-settings=\"{&quot;element_pack_global_tooltip_width&quot;:{&quot;unit&quot;:&quot;px&quot;,&quot;size&quot;:&quot;&quot;,&quot;sizes&quot;:[]},&quot;element_pack_global_tooltip_width_tablet&quot;:{&quot;unit&quot;:&quot;px&quot;,&quot;size&quot;:&quot;&quot;,&quot;sizes&quot;:[]},&quot;element_pack_global_tooltip_width_mobile&quot;:{&quot;unit&quot;:&quot;px&quot;,&quot;size&quot;:&quot;&quot;,&quot;sizes&quot;:[]},&quot;element_pack_global_tooltip_padding&quot;:{&quot;unit&quot;:&quot;px&quot;,&quot;top&quot;:&quot;&quot;,&quot;right&quot;:&quot;&quot;,&quot;bottom&quot;:&quot;&quot;,&quot;left&quot;:&quot;&quot;,&quot;isLinked&quot;:true},&quot;element_pack_global_tooltip_padding_tablet&quot;:{&quot;unit&quot;:&quot;px&quot;,&quot;top&quot;:&quot;&quot;,&quot;right&quot;:&quot;&quot;,&quot;bottom&quot;:&quot;&quot;,&quot;left&quot;:&quot;&quot;,&quot;isLinked&quot;:true},&quot;element_pack_global_tooltip_padding_mobile&quot;:{&quot;unit&quot;:&quot;px&quot;,&quot;top&quot;:&quot;&quot;,&quot;right&quot;:&quot;&quot;,&quot;bottom&quot;:&quot;&quot;,&quot;left&quot;:&quot;&quot;,&quot;isLinked&quot;:true},&quot;element_pack_global_tooltip_border_radius&quot;:{&quot;unit&quot;:&quot;px&quot;,&quot;top&quot;:&quot;&quot;,&quot;right&quot;:&quot;&quot;,&quot;bottom&quot;:&quot;&quot;,&quot;left&quot;:&quot;&quot;,&quot;isLinked&quot;:true},&quot;element_pack_global_tooltip_border_radius_tablet&quot;:{&quot;unit&quot;:&quot;px&quot;,&quot;top&quot;:&quot;&quot;,&quot;right&quot;:&quot;&quot;,&quot;bottom&quot;:&quot;&quot;,&quot;left&quot;:&quot;&quot;,&quot;isLinked&quot;:true},&quot;element_pack_global_tooltip_border_radius_mobile&quot;:{&quot;unit&quot;:&quot;px&quot;,&quot;top&quot;:&quot;&quot;,&quot;right&quot;:&quot;&quot;,&quot;bottom&quot;:&quot;&quot;,&quot;left&quot;:&quot;&quot;,&quot;isLinked&quot;:true}}\" data-elementor-post-type=\"page\">\n\t\t\t\t<div class=\"elementor-element elementor-element-6c7ce8a e-flex e-con-boxed e-con e-parent\" data-id=\"6c7ce8a\" data-element_type=\"container\" data-e-type=\"container\">\n\t\t\t\t\t<div class=\"e-con-inner\">\n\t\t\t\t<div class=\"elementor-element elementor-element-0d654b5 elementor-widget elementor-widget-text-editor\" data-id=\"0d654b5\" data-element_type=\"widget\" data-e-type=\"widget\" data-widget_type=\"text-editor.default\">\n\t\t\t\t\t\t\t\t\t<h3><strong>Th\u00e0nh t\u00edch<\/strong><\/h3><div>C\u00f4ng ty 3 l\u1ea7n \u0111\u01b0\u1ee3c Nh\u00e0 n\u01b0\u1edbc phong t\u1eb7ng danh hi\u1ec7u Anh h\u00f9ng:<\/div><div>&#8211; N\u0103m 1985: Anh h\u00f9ng Lao \u0111\u1ed9ng<\/div><div>&#8211; N\u0103m 1999: Anh h\u00f9ng l\u1ef1c l\u01b0\u1ee3ng V\u0169 trang nh\u00e2n d\u00e2n<\/div><div>&#8211; N\u0103m 2000: Anh h\u00f9ng Lao \u0111\u1ed9ng trong th\u1eddi k\u1ef3 m\u1edbi thay \u0111\u1ed5i<\/div><h3><strong>C\u00f4ng ty \u0111\u01b0\u1ee3c t\u1eb7ng th\u01b0\u1edfng 14 Hu\u00e2n ch\u01b0\u01a1ng c\u00e1c lo\u1ea1i:<\/strong><\/h3><div>&#8211; Hu\u00e2n ch\u01b0\u01a1ng H\u1ed3 Ch\u00ed Minh (n\u0103m 2005)<\/div><div>&#8211; Hu\u00e2n ch\u01b0\u01a1ng \u0110\u1ed9c l\u1eadp h\u1ea1ng Nh\u1ea5t (n\u0103m 2002)\u00a0<\/div><div>&#8211; Hu\u00e2n ch\u01b0\u01a1ng \u0110\u1ed9c l\u1eadp h\u1ea1ng Nh\u00ec (n\u0103m 1997)\u00a0<\/div><div>&#8211; Hu\u00e2n ch\u01b0\u01a1ng \u0110\u1ed9c l\u1eadp h\u1ea1ng Ba (n\u0103m 1992)<\/div><div>&#8211; Hu\u00e2n ch\u01b0\u01a1ng Lao \u0111\u1ed9ng h\u1ea1ng Nh\u1ea5t 04 l\u1ea7n (1982,1986,2005, 2012)<\/div><div>&#8211; Hu\u00e2n ch\u01b0\u01a1ng Lao \u0111\u1ed9ng h\u1ea1ng Nh\u00ec 02 l\u1ea7n (1964,1976)<\/div><div>&#8211; Hu\u00e2n ch\u01b0\u01a1ng Lao \u0111\u1ed9ng h\u1ea1ng Ba 4 l\u1ea7n (1966,1981, 1999, 2001)<\/div><div>&#8211; Trong nhi\u1ec1u n\u0103m li\u1ec1n, C\u00f4ng ty \u0111\u01b0\u1ee3c t\u1eb7ng C\u1edd thi \u0111ua c\u1ee7a Ch\u00ednh ph\u1ee7, B\u1ed9 C\u00f4ng Th\u01b0\u01a1ng v\u00e0 T\u1eadp \u0111o\u00e0n H\u00f3a ch\u1ea5t Vi\u1ec7t Nam, c\u00e1c B\u1ed9, Ng\u00e0nh, \u0110o\u00e0n th\u1ec3 \u1edf Trung \u01b0\u01a1ng v\u00e0 t\u1ec9nh Ph\u00fa Th\u1ecd. \u0110\u0103\u0323c bi\u00ea\u0323t, trong nhi\u00ea\u0300u n\u0103m li\u00ea\u0300n C\u00f4ng ty \u0111\u01b0\u01a1\u0323c B\u00f4\u0323 N\u00f4ng nghi\u00ea\u0323p va\u0300 Pha\u0301t tri\u00ea\u0309n N\u00f4ng th\u00f4n trao t\u0103\u0323ng Danh hi\u00ea\u0323u \u201cDoanh nghi\u00ea\u0323p Vi\u0300 Nha\u0300 n\u00f4ng\u201d.<\/div><h3><strong>C\u00e1c gi\u1ea3i th\u01b0\u1edfng v\u1ec1 ch\u1ea5t l\u01b0\u1ee3ng<\/strong><\/h3><div>&#8211;\u00a0Gi\u1ea3i V\u00e0ng ch\u1ea5t l\u01b0\u1ee3ng Vi\u1ec7t Nam n\u0103m 1997<\/div><div>&#8211;\u00a0Gi\u1ea3i B\u1ea1c ch\u1ea5t l\u01b0\u1ee3ng Vi\u1ec7t Nam n\u0103m 1996, 2010<\/div><div>&#8211;\u00a0Gi\u1ea3i th\u01b0\u1edfng B\u00f4ng l\u00faa V\u00e0ng Vi\u1ec7t Nam c\u00e1c n\u0103m 1996, 1997, 1998, 2012, 2015, 2018.<\/div><div>&#8211; Gi\u1ea3i th\u01b0\u1edfng Huy ch\u01b0\u01a1ng V\u00e0ng B\u1ea1n Nh\u00e0 n\u00f4ng n\u0103m 1998<\/div><div>&#8211; Gi\u1ea3i th\u01b0\u1edfng Qu\u1ea3 c\u1ea7u V\u00e0ng n\u0103m 2001, 2003<\/div><div>&#8211; Gi\u1ea3i th\u01b0\u1edfng Tr\u00e2u V\u00e0ng \u0111\u1ea5t Vi\u1ec7t n\u0103m 2006<\/div><div>&#8211; C\u00fap V\u00e0ng Th\u01b0\u01a1ng hi\u1ec7u m\u1ea1nh v\u00e0 ph\u00e1t tri\u1ec3n b\u1ec1n v\u1eefng n\u0103m 2006<\/div><div>&#8211; Nh\u00e3n hi\u1ec7u n\u1ed5i ti\u1ebfng Vi\u1ec7t Nam n\u0103m 2009<\/div><div>&#8211; Th\u01b0\u01a1ng hi\u1ec7u n\u1ed5i ti\u00ea\u0301ng Qu\u1ed1c gia n\u0103m 2010<\/div><div>&#8211; Doanh nghi\u1ec7p uy t\u00edn v\u00e0 ph\u00e1t tri\u1ec3n b\u1ec1n v\u1eefng ASean 2012<\/div><div>&#8211; Th\u01b0\u01a1ng hi\u1ec7u V\u00e0ng N\u00f4ng nghi\u1ec7p Vi\u1ec7t Nam n\u0103m 2014, 2015, 2016, 2017<\/div><div>&#8211; Th\u01b0\u01a1ng hi\u1ec7u Vi\u1ec7t xu\u1ea5t s\u1eafc n\u0103m 2018.<\/div><div>&#8211; V\u00e0ng s\u1ea3n ph\u1ea9m v\u00ec cu\u1ed9c s\u1ed1ng Vi\u1ec7t Nam n\u0103m 2018.<\/div><div>&#8211; Doanh nghi\u1ec7p \u0111\u1ed3ng h\u00e0nh c\u00f9ng n\u00f4ng d\u00e2n Vi\u1ec7t Nam 2020.<\/div><div>&#8211; Th\u01b0\u01a1ng hi\u1ec7u V\u00e0ng n\u00f4ng nghi\u1ec7p Vi\u1ec7t Nam, n\u0103m 2021.<\/div><div>&#8211; Doanh nghi\u1ec7p ti\u00eau bi\u1ec3u trong l\u0129nh v\u1ef1c s\u1ea3n xu\u1ea5t, g\u00f3p ph\u1ea7n chuy\u1ec3n \u0111\u1ed5i c\u01a1 c\u1ea5u c\u00f4ng nghi\u1ec7p, t\u0103ng gi\u00e1 tr\u1ecb h\u00e0ng xu\u1ea5t kh\u1ea9u v\u00e0 t\u0103ng thu ng\u00e2n s\u00e1ch t\u1ec9nh Ph\u00fa Th\u1ecd\u00a0n\u0103m 2023.<\/div><div>&#8211;\u00a0\u201cTop 5 Th\u01b0\u01a1ng hi\u1ec7u ti\u00eau bi\u1ec3u Ch\u00e2u \u00c1 &#8211; Th\u00e1i B\u00ecnh D\u01b0\u01a1ng\u201d v\u00e0 \u201cS\u1ea3n ph\u1ea9m, d\u1ecbch v\u1ee5 ti\u00eau bi\u1ec3u Ch\u00e2u \u00c1 &#8211; Th\u00e1i B\u00ecnh D\u01b0\u01a1ng\u201d\u00a0n\u0103m 2023.<\/div><div>&#8211;\u00a0\u201cTop 5 Th\u01b0\u01a1ng hi\u1ec7u ti\u00eau bi\u1ec3u ch\u00e2u \u00c1 &#8211; Th\u00e1i B\u00ecnh D\u01b0\u01a1ng\u201d v\u00e0 \u201cTOP 5 &#8211; Doanh nghi\u1ec7p t\u0103ng tr\u01b0\u1edfng xanh ch\u00e2u \u00c1 2024\u201d.<\/div>\t\t\t\t\t\t\t\t<\/div>\n\t\t\t\t\t<\/div>\n\t\t\t\t<\/div>\n\t\t\t\t<\/div>\n\t\t","protected":false},"excerpt":{"rendered":"<p>Th\u00e0nh t\u00edch C\u00f4ng ty 3 l\u1ea7n \u0111\u01b0\u1ee3c Nh\u00e0 n\u01b0\u1edbc phong t\u1eb7ng danh hi\u1ec7u Anh h\u00f9ng:- N\u0103m 1985: Anh h\u00f9ng Lao \u0111\u1ed9ng- N\u0103m [&hellip;]<\/p>\n","protected":false},"author":1,"featured_media":0,"parent":0,"menu_order":0,"comment_status":"closed","ping_status":"closed","template":"","meta":{"footnotes":""},"class_list":["post-255","page","type-page","status-publish","hentry"],"_links":{"self":[{"href":"https:\/\/supelamthao.vn\/index.php?rest_route=\/wp\/v2\/pages\/255","targetHints":{"allow":["GET"]}}],"collection":[{"href":"https:\/\/supelamthao.vn\/index.php?rest_route=\/wp\/v2\/pages"}],"about":[{"href":"https:\/\/supelamthao.vn\/index.php?rest_route=\/wp\/v2\/types\/page"}],"author":[{"embeddable":true,"href":"https:\/\/supelamthao.vn\/index.php?rest_route=\/wp\/v2\/users\/1"}],"replies":[{"embeddable":true,"href":"https:\/\/supelamthao.vn\/index.php?rest_route=%2Fwp%2Fv2%2Fcomments&post=255"}],"version-history":[{"count":5,"href":"https:\/\/supelamthao.vn\/index.php?rest_route=\/wp\/v2\/pages\/255\/revisions"}],"predecessor-version":[{"id":260,"href":"https:\/\/supelamthao.vn\/index.php?rest_route=\/wp\/v2\/pages\/255\/revisions\/260"}],"wp:attachment":[{"href":"https:\/\/supelamthao.vn\/index.php?rest_route=%2Fwp%2Fv2%2Fmedia&parent=255"}],"curies":[{"name":"wp","href":"https:\/\/api.w.org\/{rel}","templated":true}]}}