{"id":244,"date":"2025-10-03T07:03:48","date_gmt":"2025-10-03T07:03:48","guid":{"rendered":"https:\/\/embedai.cloud\/?page_id=244"},"modified":"2025-10-03T07:36:38","modified_gmt":"2025-10-03T07:36:38","slug":"muc-tieu-phat-trien","status":"publish","type":"page","link":"https:\/\/supelamthao.vn\/?page_id=244","title":{"rendered":"M\u1ee5c ti\u00eau ph\u00e1t tri\u1ec3n"},"content":{"rendered":"\t\t<div data-elementor-type=\"wp-page\" data-elementor-id=\"244\" class=\"elementor elementor-244\" data-elementor-settings=\"{&quot;element_pack_global_tooltip_width&quot;:{&quot;unit&quot;:&quot;px&quot;,&quot;size&quot;:&quot;&quot;,&quot;sizes&quot;:[]},&quot;element_pack_global_tooltip_width_tablet&quot;:{&quot;unit&quot;:&quot;px&quot;,&quot;size&quot;:&quot;&quot;,&quot;sizes&quot;:[]},&quot;element_pack_global_tooltip_width_mobile&quot;:{&quot;unit&quot;:&quot;px&quot;,&quot;size&quot;:&quot;&quot;,&quot;sizes&quot;:[]},&quot;element_pack_global_tooltip_padding&quot;:{&quot;unit&quot;:&quot;px&quot;,&quot;top&quot;:&quot;&quot;,&quot;right&quot;:&quot;&quot;,&quot;bottom&quot;:&quot;&quot;,&quot;left&quot;:&quot;&quot;,&quot;isLinked&quot;:true},&quot;element_pack_global_tooltip_padding_tablet&quot;:{&quot;unit&quot;:&quot;px&quot;,&quot;top&quot;:&quot;&quot;,&quot;right&quot;:&quot;&quot;,&quot;bottom&quot;:&quot;&quot;,&quot;left&quot;:&quot;&quot;,&quot;isLinked&quot;:true},&quot;element_pack_global_tooltip_padding_mobile&quot;:{&quot;unit&quot;:&quot;px&quot;,&quot;top&quot;:&quot;&quot;,&quot;right&quot;:&quot;&quot;,&quot;bottom&quot;:&quot;&quot;,&quot;left&quot;:&quot;&quot;,&quot;isLinked&quot;:true},&quot;element_pack_global_tooltip_border_radius&quot;:{&quot;unit&quot;:&quot;px&quot;,&quot;top&quot;:&quot;&quot;,&quot;right&quot;:&quot;&quot;,&quot;bottom&quot;:&quot;&quot;,&quot;left&quot;:&quot;&quot;,&quot;isLinked&quot;:true},&quot;element_pack_global_tooltip_border_radius_tablet&quot;:{&quot;unit&quot;:&quot;px&quot;,&quot;top&quot;:&quot;&quot;,&quot;right&quot;:&quot;&quot;,&quot;bottom&quot;:&quot;&quot;,&quot;left&quot;:&quot;&quot;,&quot;isLinked&quot;:true},&quot;element_pack_global_tooltip_border_radius_mobile&quot;:{&quot;unit&quot;:&quot;px&quot;,&quot;top&quot;:&quot;&quot;,&quot;right&quot;:&quot;&quot;,&quot;bottom&quot;:&quot;&quot;,&quot;left&quot;:&quot;&quot;,&quot;isLinked&quot;:true}}\" data-elementor-post-type=\"page\">\n\t\t\t\t<div class=\"elementor-element elementor-element-bfbe95c e-flex e-con-boxed e-con e-parent\" data-id=\"bfbe95c\" data-element_type=\"container\" data-e-type=\"container\">\n\t\t\t\t\t<div class=\"e-con-inner\">\n\t\t\t\t<div class=\"elementor-element elementor-element-204ad6c elementor-widget elementor-widget-text-editor\" data-id=\"204ad6c\" data-element_type=\"widget\" data-e-type=\"widget\" data-widget_type=\"text-editor.default\">\n\t\t\t\t\t\t\t\t\t<h3 style=\"text-align: center;\"><span style=\"color: #ffcc00;\"><strong>M\u1ee5c ti\u00eau g\u00f3p ph\u1ea7n th\u00fac \u0111\u1ea9y n\u1ec1n n\u00f4ng nghi\u1ec7p Vi\u1ec7t Nam<\/strong><\/span><\/h3><div>\u0110\u1ec3 \u0111\u00e1p \u1ee9ng nhu c\u1ea7u s\u1eed d\u1ee5ng ph\u00e2n b\u00f3n ng\u00e0y c\u00e0ng cao c\u1ee7a b\u00e0 con n\u00f4ng d\u00e2n trong s\u1ea3n xu\u1ea5t n\u00f4ng nghi\u1ec7p, Supe L\u00e2m Thao s\u1ebd kh\u00f4ng ng\u1eebng \u0111\u1ea7u t\u01b0 \u0111\u1ed5i m\u1edbi c\u00f4ng ngh\u1ec7 thi\u1ebft b\u1ecb \u0111\u1ec3 t\u1ea1o ra nhi\u1ec1u s\u1ea3n ph\u1ea9m m\u1edbi v\u1edbi ch\u1ea5t l\u01b0\u1ee3ng v\u01b0\u1ee3t tr\u1ed9i, m\u1eabu m\u00e3 bao b\u00ec \u0111\u1eb9p. \u0110\u1ed3ng th\u1eddi \u0111\u1ea9y m\u1ea1nh c\u00e1c ch\u01b0\u01a1ng tr\u00ecnh \u0111\u1ed3ng h\u00e0nh c\u00f9ng b\u00e0 con n\u00f4ng d\u00e2n trong s\u1ea3n xu\u1ea5t n\u00f4ng nghi\u1ec7p \u0111\u1ec3 t\u1ea1o ra nh\u1eefng m\u00f9a v\u00e0ng b\u1ed9i thu, \u0111\u1ea3m b\u1ea3o an ninh l\u01b0\u01a1ng th\u1ef1c qu\u1ed1c gia, g\u00f3p ph\u1ea7n \u0111\u01b0a n\u01b0\u1edbc ta tr\u1edf th\u00e0nh n\u01b0\u1edbc xu\u1ea5t kh\u1ea9u g\u1ea1o h\u00e0ng \u0111\u1ea7u tr\u00ean th\u1ebf gi\u1edbi.\u00a0<\/div><div>C\u00f4ng ty \u0111\u01b0a ra\u00a0\u0111\u1ecbnh h\u01b0\u1edbng ph\u00e1t tri\u1ec3n v\u00e0 t\u1ea7m nh\u00ecn &#8220;Supe L\u00e2m Thao&#8221; kh\u00f4ng ng\u1eebng n\u00e2ng cao n\u0103ng l\u1ef1c s\u1ea3n xu\u1ea5t, ph\u00e1t huy vai tr\u00f2 l\u00e0 \u0111\u01a1n v\u1ecb h\u00e0ng \u0111\u1ea7u c\u1ee7a ng\u00e0nh\u00a0ph\u00e2n b\u00f3n Vi\u1ec7t Nam.<\/div><div><h3 style=\"text-align: center;\"><br \/><span style=\"color: #ffcc00;\"><strong>\u0110\u1ecbnh h\u01b0\u1edbng\u00a0ph\u00e1t tri\u1ec3n\u00a0c\u1ee7a Supe L\u00e2m Thao bao g\u1ed3m:<\/strong><\/span><\/h3><p>Ch\u00fang t\u00f4i t\u1eadp trung tr\u00ed tu\u1ec7 v\u00e0 s\u1ee9c l\u1ef1c \u0111\u1ea9y l\u00f9i kh\u00f3 kh\u0103n, n\u1eafm b\u1eaft th\u1eddi c\u01a1, \u0111\u1ed5i m\u1edbi nh\u1eadn th\u1ee9c, ch\u1ea5n ch\u1ec9nh t\u1ed5 ch\u1ee9c, l\u00e0m t\u1ed1t c\u00f4ng t\u00e1c qu\u1ea3n tr\u1ecb, \u0111\u1ea9y m\u1ea1nh \u1ee9ng d\u1ee5ng c\u00f4ng ngh\u1ec7 s\u1ed1 v\u00e0o s\u1ea3n xu\u1ea5t kinh doanh, ph\u1ea5n \u0111\u1ea5u t\u1eadp trung m\u1ecdi ngu\u1ed3n l\u1ef1c \u0111\u1ec3 x\u00e2y d\u1ef1ng C\u00f4ng ty tr\u1edf th\u00e0nh m\u1ed9t doanh nghi\u1ec7p ph\u00e1t tri\u1ec3n m\u1ea1nh v\u00e0 \u1ed5n \u0111\u1ecbnh, kh\u00f4ng ch\u1ec9 \u1edf Vi\u1ec7t Nam m\u00e0 c\u00f2n v\u01b0\u01a1n t\u1ea7m qu\u1ed1c t\u1ebf.<\/p><\/div><div>Ch\u00fang t\u00f4i\u00a0lu\u00f4n s\u1eb5n s\u00e0ng li\u00ean k\u1ebft, h\u1ee3p t\u00e1c v\u1edbi c\u00e1c ban ng\u00e0nh, \u0111o\u00e0n th\u1ec3, c\u00e1c vi\u1ec7n, tr\u01b0\u1eddng, trung t\u00e2m, c\u00e1c nh\u00e0 khoa h\u1ecdc, c\u00e1c c\u00f4ng ty, \u0111\u01a1n v\u1ecb, \u0111\u1ea1i l\u00fd, b\u1ea1n h\u00e0ng g\u1ea7n xa&#8230; \u0111\u1ec3 c\u00f9ng\u00a0ph\u00e1t tri\u1ec3n v\u00e0 h\u01b0\u1edbng t\u1edbi t\u01b0\u01a1ng lai.<br \/>\u0110\u1eb7c bi\u1ec7t, ch\u00fang t\u00f4i lu\u00f4n\u00a0ch\u00fa tr\u1ecdng c\u1ea3i thi\u1ec7n, n\u00e2ng cao \u0111\u1eddi s\u1ed1ng c\u1ee7a ng\u01b0\u1eddi lao \u0111\u1ed9ng c\u1ea3 v\u1ec1 v\u1eadt ch\u1ea5t c\u0169ng nh\u01b0 tinh th\u1ea7n. T\u1ed5 ch\u1ee9c t\u1ed1t c\u00e1c phong tr\u00e0o thi \u0111ua trong c\u00f4ng nh\u00e2n lao \u0111\u1ed9ng nh\u01b0: Phong tr\u00e0o lao \u0111\u1ed9ng gi\u1ecfi;\u00a0Lao \u0111\u1ed9ng s\u00e1ng t\u1ea1o;\u00a0An to\u00e0n v\u1ec7 sinh lao \u0111\u1ed9ng;\u00a0Ph\u00f2ng ch\u1ed1ng ch\u00e1y n\u1ed5\u2026 nh\u1eb1m t\u1ea1o ra s\u1ef1 \u0111o\u00e0n k\u1ebft, nh\u1ea5t tr\u00ed, chung s\u1ee9c, \u0111\u1ed3ng l\u00f2ng trong to\u00e0n \u0111\u01a1n v\u1ecb. \u0110\u1ed3ng th\u1eddi, t\u00edch c\u1ef1c tham gia c\u00e1c ho\u1ea1t \u0111\u1ed9ng nh\u00e2n \u0111\u1ea1o t\u1eeb thi\u1ec7n, an sinh x\u00e3 h\u1ed9i v\u00e0 h\u01b0\u1edbng t\u1edbi c\u1ed9ng \u0111\u1ed3ng nh\u01b0 ph\u1ee5ng d\u01b0\u1ee1ng M\u1eb9 Vi\u1ec7t Nam Anh h\u00f9ng, quan t\u00e2m t\u1edbi c\u00e1c \u0111\u1ed1i t\u01b0\u1ee3ng ch\u00ednh s\u00e1ch, ng\u01b0\u1eddi c\u00f3 c\u00f4ng v\u1edbi c\u00e1ch m\u1ea1ng, chia s\u1ebb kh\u00f3 kh\u0103n v\u1edbi ng\u01b0\u1eddi ngh\u00e8o, \u1ee7ng h\u1ed9 \u0111\u1ed3ng b\u00e0o b\u00e3o l\u0169, chung tay ph\u00f2ng ch\u1ed1ng d\u1ecbch b\u1ec7nh.<\/div>\t\t\t\t\t\t\t\t<\/div>\n\t\t\t\t\t<\/div>\n\t\t\t\t<\/div>\n\t\t\t\t<\/div>\n\t\t","protected":false},"excerpt":{"rendered":"<p>M\u1ee5c ti\u00eau g\u00f3p ph\u1ea7n th\u00fac \u0111\u1ea9y n\u1ec1n n\u00f4ng nghi\u1ec7p Vi\u1ec7t Nam \u0110\u1ec3 \u0111\u00e1p \u1ee9ng nhu c\u1ea7u s\u1eed d\u1ee5ng ph\u00e2n b\u00f3n ng\u00e0y c\u00e0ng [&hellip;]<\/p>\n","protected":false},"author":1,"featured_media":245,"parent":0,"menu_order":0,"comment_status":"closed","ping_status":"closed","template":"","meta":{"footnotes":""},"class_list":["post-244","page","type-page","status-publish","has-post-thumbnail","hentry"],"_links":{"self":[{"href":"https:\/\/supelamthao.vn\/index.php?rest_route=\/wp\/v2\/pages\/244","targetHints":{"allow":["GET"]}}],"collection":[{"href":"https:\/\/supelamthao.vn\/index.php?rest_route=\/wp\/v2\/pages"}],"about":[{"href":"https:\/\/supelamthao.vn\/index.php?rest_route=\/wp\/v2\/types\/page"}],"author":[{"embeddable":true,"href":"https:\/\/supelamthao.vn\/index.php?rest_route=\/wp\/v2\/users\/1"}],"replies":[{"embeddable":true,"href":"https:\/\/supelamthao.vn\/index.php?rest_route=%2Fwp%2Fv2%2Fcomments&post=244"}],"version-history":[{"count":7,"href":"https:\/\/supelamthao.vn\/index.php?rest_route=\/wp\/v2\/pages\/244\/revisions"}],"predecessor-version":[{"id":253,"href":"https:\/\/supelamthao.vn\/index.php?rest_route=\/wp\/v2\/pages\/244\/revisions\/253"}],"wp:featuredmedia":[{"embeddable":true,"href":"https:\/\/supelamthao.vn\/index.php?rest_route=\/wp\/v2\/media\/245"}],"wp:attachment":[{"href":"https:\/\/supelamthao.vn\/index.php?rest_route=%2Fwp%2Fv2%2Fmedia&parent=244"}],"curies":[{"name":"wp","href":"https:\/\/api.w.org\/{rel}","templated":true}]}}